What is the remainder when 37066 is divided by 292?
274
What is the remainder when 18119 is divided by 17?
14
Calculate the remainder when 153331 is divided by 205.
196
What is the remainder when 6695 is divided by 1442?
927
What is the remainder when 4058 is divided by 15?
8
Calculate the remainder when 11256 is divided by 55.
36
What is the remainder when 11049 is divided by 318?
237
Calculate the remainder when 2970 is divided by 2310.
660
Calculate the remainder when 3845 is divided by 202.
7
Calculate the remainder when 108314 is divided by 18030.
134
Calculate the remainder when 214812 is divided by 12636.
0
What is the remainder when 422668 is divided by 8?
4
What is the remainder when 383614 is divided by 576?
574
Calculate the remainder when 5887 is divided by 35.
7
What is the remainder when 66426 is divided by 102?
24
Calculate the remainder when 167470 is divided by 3806.
6
Calculate the remainder when 910 is divided by 480.
430
What is the remainder when 3068 is divided by 308?
296
Calculate the remainder when 5439639 is divided by 78.
75
What is the remainder when 282486 is divided by 10?
6
What is the remainder when 3397076 is divided by 258?
248
Calculate the remainder when 20200 is divided by 2522.
24
Calculate the remainder when 313929 is divided by 269.
6
What is the remainder when 3258 is divided by 1065?
63
Calculate the remainder when 3963 is divided by 464.
251
What is the remainder when 9822 is divided by 54?
48
What is the remainder when 46 is divided by 11?
2
What is the remainder when 5353 is divided by 130?
23
What is the remainder when 13263 is divided by 8?
7
Calculate the remainder when 54137 is divided by 22.
17
Calculate the remainder when 32026 is divided by 667.
10
Calculate the remainder when 7137 is divided by 26.
13
What is the remainder when 6516 is divided by 295?
26
Calculate the remainder when 119837 is divided by 1479.
38
Calculate the remainder when 528693 is divided by 50.
43
What is the remainder when 13701 is divided by 2738?
11
What is the remainder when 14091 is divided by 4680?
51
What is the remainder when 1707 is divided by 116?
83
What is the remainder when 2880 is divided by 949?
33
What is the remainder when 48354 is divided by 4028?
18
Calculate the remainder when 387 is divided by 345.
42
Calculate the remainder when 9430 is divided by 1178.
6
What is the remainder when 1380 is divided by 22?
16
What is the remainder when 22536 is divided by 245?
241
What is the remainder when 6866 is divided by 624?
2
Calculate the remainder when 44885 is divided by 124.
121
Calculate the remainder when 43308 is divided by 4329.
18
Calculate the remainder when 13390 is divided by 18.
16
What is the remainder when 4167 is divided by 416?
7
What is the remainder when 1703690 is divided by 99?
98
What is the remainder when 27900 is divided by 256?
252
Calculate the remainder when 7513 is divided by 76.
65
Calculate the remainder when 4261 is divided by 193.
15
Calculate the remainder when 798032 is divided by 118.
116
What is the remainder when 59276 is divided by 380?
376
What is the remainder when 69885 is divided by 33?
24
Calculate the remainder when 63982 is divided by 248.
246
What is the remainder when 637036 is divided by 762?
4
What is the remainder when 14129 is divided by 53?
31
What is the remainder when 21078 is divided by 2339?
27
Calculate the remainder when 60412 is divided by 118.
114
Calculate the remainder when 17207 is divided by 93.
2
Calculate the remainder when 39562 is divided by 12.
10
Calculate the remainder when 19590 is divided by 1227.
1185
Calculate the remainder when 67206 is divided by 128.
6
What is the remainder when 3608 is divided by 493?
157
Calculate the remainder when 125403 is divided by 62660.
83
What is the remainder when 39192 is divided by 365?
137
Calculate the remainder when 7748 is divided by 7386.
362
Calculate the remainder when 2204521 is divided by 28.
25
What is the remainder when 138352 is divided by 352?
16
What is the remainder when 6789 is divided by 966?
27
What is the remainder when 12271 is divided by 95?
16
What is the remainder when 322639 is divided by 18978?
13
Calculate the remainder when 7761 is divided by 2587.
0
Calculate the remainder when 5240 is divided by 1318.
1286
What is the remainder when 7649 is divided by 94?
35
Calculate the remainder when 4409 is divided by 90.
89
What is the remainder when 548 is divided by 490?
58
Calculate the remainder when 28719 is divided by 21.
12
What is the remainder when 209 is divided by 177?
32
What is the remainder when 30440 is divided by 141?
125
Calculate the remainder when 1276 is divided by 310.
36
What is the remainder when 35328 is divided by 39?
33
Calculate the remainder when 58209 is divided by 7272.
33
Calculate the remainder when 1635323 is divided by 902.
899
Calculate the remainder when 2219 is divided by 126.
77
What is the remainder when 103486 is divided by 924?
922
What is the remainder when 5207 is divided by 3517?
1690
Calculate the remainder when 1331 is divided by 1004.
327
Calculate the remainder when 243979 is divided by 6.
1
What is the remainder when 3413 is divided by 650?
163
What is the remainder when 82555 is divided by 11791?
18
What is the remainder when 12672 is divided by 29?
28
Calculate the remainder when 55717 is divided by 40.
37
What is the remainder when 967 is divided by 511?
456
What is the remainder when 396814 is divided by 28343?
12
Calculate the remainder when 27857 is divided by 113.
59
What is the remainder when 91560 is divided by 1364?
172
What is the remainder when 44253 is divided by 22091?
71
Calculate the remainder when 9947 is divided by 583.
36
Calculate the remainder when 2851661 is divided by 148.
145
Calculate the remainder when 6586 is divided by 61.
59
What is the remainder when 1277 is divided by 433?
411
What is the remainder when 6889 is divided by 6870?
19
What is the remainder when 5381 is divided by 72?
53
Calculate the remainder when 30487 is divided by 396.
391
What is the remainder when 34579 is divided by 42?
13
Calculate the remainder when 2205 is divided by 78.
21
What is the remainder when 938 is divided by 21?
14
Calculate the remainder when 43223 is divided by 66.
59
What is the remainder when 680577 is divided by 88?
73
Calculate the remainder when 2126 is divided by 1647.
479
What is the remainder when 1070 is divided by 318?
116
Calculate the remainder when 7329 is divided by 52.
49
What is the remainder when 3070 is divided by 2979?
91
What is the remainder when 626741 is divided by 127?
123
Calculate the remainder when 3458 is divided by 3458.
0
Calculate the remainder when 2850 is divided by 566.
20
Calculate the remainder when 5349 is divided by 1731.
156
Calculate the remainder when 77443 is divided by 767.
743
Calculate the remainder when 69284 is divided by 34637.
10
What is the remainder when 151002 is divided by 127?
126
Calculate the remainder when 79552 is divided by 14.
4
Calculate the remainder when 1700 is divided by 390.
140
Calculate the remainder when 13651 is divided by 91.
1
Calculate the remainder when 7503364 is divided by 859.
858
What is the remainder when 892631 is divided by 29754?
11
Calculate the remainder when 2894916 is divided by 1372.
1368
Calculate the remainder when 39895 is divided by 1246.
23
What is the remainder when 2213 is divided by 157?
15
Calculate the remainder when 187073 is divided by 1051.
1046
Calculate the remainder when 1553 is divided by 512.
17
Calculate the remainder when 8468 is divided by 215.
83
Calculate the remainder when 5186 is divided by 1044.
1010
What is the remainder when 1335 is divided by 47?
19
What is the remainder when 4527 is divided by 1449?
180
Calculate the remainder when 12112 is divided by 932.
928
What is the remainder when 4637 is divided by 126?
101
Calculate the remainder when 617 is divided by 258.
101
What is the remainder when 34439 is divided by 172?
39
What is the remainder when 180710 is divided by 14?
12
What is the remainder when 10094 is divided by 3235?
389
Calculate the remainder when 181510 is divided by 30249.
16
What is the remainder when 503997 is divided by 20?
17
Calculate the remainder when 13323 is divided by 4.
3
Calcula